{"id":2,"date":"2015-08-12T23:51:18","date_gmt":"2015-08-13T02:51:18","guid":{"rendered":"http:\/\/www.smplaces.com.br\/blog\/?page_id=2"},"modified":"2015-09-13T13:26:27","modified_gmt":"2015-09-13T16:26:27","slug":"quem-somos","status":"publish","type":"page","link":"https:\/\/www.smplaces.com.br\/blog\/quem-somos\/","title":{"rendered":"Quem somos"},"content":{"rendered":"<p style=\"text-align: justify;\">A <b>Sm.Places<\/b> teve origem na <b>Sm.C<\/b><b>ommerce<\/b>, uma plataforma de e-commerce com sete anos de mercado (fundada em 2008) que tem clientes de porte significativo na venda de produtos e servi\u00e7os pela Internet.<\/p>\n<p style=\"text-align: justify;\"><b>Miss\u00e3o<\/b>: atrair e reter comerciantes e fabricantes de diferentes segmentos, promovendo transa\u00e7\u00f5es comerciais em marketplaces virtuais B2B e B2C.<\/p>\n<blockquote>\n<p id=\"MTQw\" class=\"frase fr\">A mente que se abre a uma nova id\u00e9ia jamais voltar\u00e1 ao seu tamanho original.<\/p>\n<p><i class=\"aut\"><a class=\"autor\" href=\"http:\/\/pensador.uol.com.br\/autor\/albert_einstein\/\">Albert Einstein<\/a><\/i><\/p><\/blockquote>\n<p style=\"text-align: justify;\">A <b>Sm.Places<\/b> \u00e9 primeira plataforma brasileira de marketplaces no modelo SaaS (Software as a Service).<\/p>\n<p style=\"text-align: justify;\">Atrav\u00e9s da <b>Sm.Places<\/b> \u00e9 poss\u00edvel <b>criar em apenas alguns minutos<\/b><b>, <\/b>de forma r\u00e1pida e f\u00e1cil, um marketplace pronto para receber centenas de lojas.<\/p>\n<p style=\"text-align: justify;\">A <b>Sm.Places<\/b> \u00e9 uma solu\u00e7\u00e3o para v\u00e1rios nichos de mercado tais como centros comerciais regionais, fornecedores de ind\u00fastrias, redes de fabricantes em zonas industriais, associa\u00e7\u00f5es de classe, shopping centers e empreendedores.<\/p>\n<p><img decoding=\"async\" loading=\"lazy\" class=\"alignnone wp-image-15 size-large\" title=\"Funcionalidades marketplace\" src=\"http:\/\/www.smplaces.com.br\/blog\/wp-content\/uploads\/2015\/08\/Screen-Shot-2015-09-13-at-13.14.03-1024x572.png\" alt=\"Principais fun\u00e7\u00f5es do marketplace\" width=\"660\" height=\"369\" srcset=\"https:\/\/www.smplaces.com.br\/blog\/wp-content\/uploads\/2015\/08\/Screen-Shot-2015-09-13-at-13.14.03-1024x572.png 1024w, https:\/\/www.smplaces.com.br\/blog\/wp-content\/uploads\/2015\/08\/Screen-Shot-2015-09-13-at-13.14.03-300x168.png 300w, https:\/\/www.smplaces.com.br\/blog\/wp-content\/uploads\/2015\/08\/Screen-Shot-2015-09-13-at-13.14.03.png 1161w\" sizes=\"(max-width: 660px) 100vw, 660px\" \/><\/p>\n<figure id=\"attachment_16\" aria-describedby=\"caption-attachment-16\" style=\"width: 660px\" class=\"wp-caption alignnone\"><img decoding=\"async\" loading=\"lazy\" class=\"wp-image-16 size-large\" title=\"Fun\u00e7\u00f5es e-marketplace\" src=\"http:\/\/www.smplaces.com.br\/blog\/wp-content\/uploads\/2015\/08\/Screen-Shot-2015-09-13-at-13.15.28-1024x500.png\" alt=\"Funcionalidades do Marketplace\" width=\"660\" height=\"322\" srcset=\"https:\/\/www.smplaces.com.br\/blog\/wp-content\/uploads\/2015\/08\/Screen-Shot-2015-09-13-at-13.15.28-1024x500.png 1024w, https:\/\/www.smplaces.com.br\/blog\/wp-content\/uploads\/2015\/08\/Screen-Shot-2015-09-13-at-13.15.28-300x146.png 300w, https:\/\/www.smplaces.com.br\/blog\/wp-content\/uploads\/2015\/08\/Screen-Shot-2015-09-13-at-13.15.28.png 1086w\" sizes=\"(max-width: 660px) 100vw, 660px\" \/><figcaption id=\"caption-attachment-16\" class=\"wp-caption-text\">Funcionalidades do Marketplace<\/figcaption><\/figure>\n","protected":false},"excerpt":{"rendered":"<p>A Sm.Places teve origem na Sm.Commerce, uma plataforma de e-commerce com sete anos de mercado (fundada em 2008) que tem clientes de porte significativo na venda de produtos e servi\u00e7os pela Internet. Miss\u00e3o: atrair e reter comerciantes e fabricantes de diferentes segmentos, promovendo transa\u00e7\u00f5es comerciais em marketplaces virtuais B2B e B2C. A mente que se abre a uma nova id\u00e9ia jamais voltar\u00e1 ao seu tamanho original. Albert Einstein A Sm.Places \u00e9 primeira plataforma brasileira de marketplaces no modelo SaaS (Software as a Service). Atrav\u00e9s da <a href=\"https:\/\/www.smplaces.com.br\/blog\/quem-somos\/\" class=\"more-link\"><span>Continue lendo<\/span>\u2192<\/a><\/p>\n","protected":false},"author":1,"featured_media":0,"parent":0,"menu_order":0,"comment_status":"closed","ping_status":"closed","template":"","meta":[],"yoast_head":"<!-- This site is optimized with the Yoast SEO plugin v18.5.1 - https:\/\/yoast.com\/wordpress\/plugins\/seo\/ -->\r\n<title>Quem somos - Blog da Plataforma de Marketplace SM Places<\/title>\r\n<meta name=\"robots\" content=\"index, follow, max-snippet:-1, max-image-preview:large, max-video-preview:-1\" \/>\r\n<link rel=\"canonical\" href=\"https:\/\/www.smplaces.com.br\/blog\/quem-somos\/\" \/>\r\n<meta property=\"og:locale\" content=\"pt_BR\" \/>\r\n<meta property=\"og:type\" content=\"article\" \/>\r\n<meta property=\"og:title\" content=\"Quem somos - Blog da Plataforma de Marketplace SM Places\" \/>\r\n<meta property=\"og:description\" content=\"A Sm.Places teve origem na Sm.Commerce, uma plataforma de e-commerce com sete anos de mercado (fundada em 2008) que tem clientes de porte significativo na venda de produtos e servi\u00e7os pela Internet. Miss\u00e3o: atrair e reter comerciantes e fabricantes de diferentes segmentos, promovendo transa\u00e7\u00f5es comerciais em marketplaces virtuais B2B e B2C. A mente que se abre a uma nova id\u00e9ia jamais voltar\u00e1 ao seu tamanho original. Albert Einstein A Sm.Places \u00e9 primeira plataforma brasileira de marketplaces no modelo SaaS (Software as a Service). Atrav\u00e9s da Continue lendo\u2192\" \/>\r\n<meta property=\"og:url\" content=\"https:\/\/www.smplaces.com.br\/blog\/quem-somos\/\" \/>\r\n<meta property=\"og:site_name\" content=\"Blog da Plataforma de Marketplace SM Places\" \/>\r\n<meta property=\"article:modified_time\" content=\"2015-09-13T16:26:27+00:00\" \/>\r\n<meta property=\"og:image\" content=\"http:\/\/www.smplaces.com.br\/blog\/wp-content\/uploads\/2015\/08\/Screen-Shot-2015-09-13-at-13.14.03-1024x572.png\" \/>\r\n<meta name=\"twitter:card\" content=\"summary\" \/>\r\n<script type=\"application\/ld+json\" class=\"yoast-schema-graph\">{\"@context\":\"https:\/\/schema.org\",\"@graph\":[{\"@type\":\"WebSite\",\"@id\":\"https:\/\/www.smplaces.com.br\/blog\/#website\",\"url\":\"https:\/\/www.smplaces.com.br\/blog\/\",\"name\":\"Blog da Plataforma de Marketplace SM Places\",\"description\":\"Criei seu pr\u00f3prio marketplace\",\"potentialAction\":[{\"@type\":\"SearchAction\",\"target\":{\"@type\":\"EntryPoint\",\"urlTemplate\":\"https:\/\/www.smplaces.com.br\/blog\/?s={search_term_string}\"},\"query-input\":\"required name=search_term_string\"}],\"inLanguage\":\"pt-BR\"},{\"@type\":\"ImageObject\",\"@id\":\"https:\/\/www.smplaces.com.br\/blog\/quem-somos\/#primaryimage\",\"inLanguage\":\"pt-BR\",\"url\":\"http:\/\/www.smplaces.com.br\/blog\/wp-content\/uploads\/2015\/08\/Screen-Shot-2015-09-13-at-13.14.03-1024x572.png\",\"contentUrl\":\"http:\/\/www.smplaces.com.br\/blog\/wp-content\/uploads\/2015\/08\/Screen-Shot-2015-09-13-at-13.14.03-1024x572.png\"},{\"@type\":\"WebPage\",\"@id\":\"https:\/\/www.smplaces.com.br\/blog\/quem-somos\/#webpage\",\"url\":\"https:\/\/www.smplaces.com.br\/blog\/quem-somos\/\",\"name\":\"Quem somos - Blog da Plataforma de Marketplace SM Places\",\"isPartOf\":{\"@id\":\"https:\/\/www.smplaces.com.br\/blog\/#website\"},\"primaryImageOfPage\":{\"@id\":\"https:\/\/www.smplaces.com.br\/blog\/quem-somos\/#primaryimage\"},\"datePublished\":\"2015-08-13T02:51:18+00:00\",\"dateModified\":\"2015-09-13T16:26:27+00:00\",\"breadcrumb\":{\"@id\":\"https:\/\/www.smplaces.com.br\/blog\/quem-somos\/#breadcrumb\"},\"inLanguage\":\"pt-BR\",\"potentialAction\":[{\"@type\":\"ReadAction\",\"target\":[\"https:\/\/www.smplaces.com.br\/blog\/quem-somos\/\"]}]},{\"@type\":\"BreadcrumbList\",\"@id\":\"https:\/\/www.smplaces.com.br\/blog\/quem-somos\/#breadcrumb\",\"itemListElement\":[{\"@type\":\"ListItem\",\"position\":1,\"name\":\"Home\",\"item\":\"https:\/\/www.smplaces.com.br\/blog\/\"},{\"@type\":\"ListItem\",\"position\":2,\"name\":\"Quem somos\"}]}]}<\/script>\r\n<!-- \/ Yoast SEO plugin. -->","yoast_head_json":{"title":"Quem somos - Blog da Plataforma de Marketplace SM Places","robots":{"index":"index","follow":"follow","max-snippet":"max-snippet:-1","max-image-preview":"max-image-preview:large","max-video-preview":"max-video-preview:-1"},"canonical":"https:\/\/www.smplaces.com.br\/blog\/quem-somos\/","og_locale":"pt_BR","og_type":"article","og_title":"Quem somos - Blog da Plataforma de Marketplace SM Places","og_description":"A Sm.Places teve origem na Sm.Commerce, uma plataforma de e-commerce com sete anos de mercado (fundada em 2008) que tem clientes de porte significativo na venda de produtos e servi\u00e7os pela Internet. Miss\u00e3o: atrair e reter comerciantes e fabricantes de diferentes segmentos, promovendo transa\u00e7\u00f5es comerciais em marketplaces virtuais B2B e B2C. A mente que se abre a uma nova id\u00e9ia jamais voltar\u00e1 ao seu tamanho original. Albert Einstein A Sm.Places \u00e9 primeira plataforma brasileira de marketplaces no modelo SaaS (Software as a Service). Atrav\u00e9s da Continue lendo\u2192","og_url":"https:\/\/www.smplaces.com.br\/blog\/quem-somos\/","og_site_name":"Blog da Plataforma de Marketplace SM Places","article_modified_time":"2015-09-13T16:26:27+00:00","og_image":[{"url":"http:\/\/www.smplaces.com.br\/blog\/wp-content\/uploads\/2015\/08\/Screen-Shot-2015-09-13-at-13.14.03-1024x572.png"}],"twitter_card":"summary","schema":{"@context":"https:\/\/schema.org","@graph":[{"@type":"WebSite","@id":"https:\/\/www.smplaces.com.br\/blog\/#website","url":"https:\/\/www.smplaces.com.br\/blog\/","name":"Blog da Plataforma de Marketplace SM Places","description":"Criei seu pr\u00f3prio marketplace","potentialAction":[{"@type":"SearchAction","target":{"@type":"EntryPoint","urlTemplate":"https:\/\/www.smplaces.com.br\/blog\/?s={search_term_string}"},"query-input":"required name=search_term_string"}],"inLanguage":"pt-BR"},{"@type":"ImageObject","@id":"https:\/\/www.smplaces.com.br\/blog\/quem-somos\/#primaryimage","inLanguage":"pt-BR","url":"http:\/\/www.smplaces.com.br\/blog\/wp-content\/uploads\/2015\/08\/Screen-Shot-2015-09-13-at-13.14.03-1024x572.png","contentUrl":"http:\/\/www.smplaces.com.br\/blog\/wp-content\/uploads\/2015\/08\/Screen-Shot-2015-09-13-at-13.14.03-1024x572.png"},{"@type":"WebPage","@id":"https:\/\/www.smplaces.com.br\/blog\/quem-somos\/#webpage","url":"https:\/\/www.smplaces.com.br\/blog\/quem-somos\/","name":"Quem somos - Blog da Plataforma de Marketplace SM Places","isPartOf":{"@id":"https:\/\/www.smplaces.com.br\/blog\/#website"},"primaryImageOfPage":{"@id":"https:\/\/www.smplaces.com.br\/blog\/quem-somos\/#primaryimage"},"datePublished":"2015-08-13T02:51:18+00:00","dateModified":"2015-09-13T16:26:27+00:00","breadcrumb":{"@id":"https:\/\/www.smplaces.com.br\/blog\/quem-somos\/#breadcrumb"},"inLanguage":"pt-BR","potentialAction":[{"@type":"ReadAction","target":["https:\/\/www.smplaces.com.br\/blog\/quem-somos\/"]}]},{"@type":"BreadcrumbList","@id":"https:\/\/www.smplaces.com.br\/blog\/quem-somos\/#breadcrumb","itemListElement":[{"@type":"ListItem","position":1,"name":"Home","item":"https:\/\/www.smplaces.com.br\/blog\/"},{"@type":"ListItem","position":2,"name":"Quem somos"}]}]}},"_links":{"self":[{"href":"https:\/\/www.smplaces.com.br\/blog\/wp-json\/wp\/v2\/pages\/2"}],"collection":[{"href":"https:\/\/www.smplaces.com.br\/blog\/wp-json\/wp\/v2\/pages"}],"about":[{"href":"https:\/\/www.smplaces.com.br\/blog\/wp-json\/wp\/v2\/types\/page"}],"author":[{"embeddable":true,"href":"https:\/\/www.smplaces.com.br\/blog\/wp-json\/wp\/v2\/users\/1"}],"replies":[{"embeddable":true,"href":"https:\/\/www.smplaces.com.br\/blog\/wp-json\/wp\/v2\/comments?post=2"}],"version-history":[{"count":6,"href":"https:\/\/www.smplaces.com.br\/blog\/wp-json\/wp\/v2\/pages\/2\/revisions"}],"predecessor-version":[{"id":20,"href":"https:\/\/www.smplaces.com.br\/blog\/wp-json\/wp\/v2\/pages\/2\/revisions\/20"}],"wp:attachment":[{"href":"https:\/\/www.smplaces.com.br\/blog\/wp-json\/wp\/v2\/media?parent=2"}],"curies":[{"name":"wp","href":"https:\/\/api.w.org\/{rel}","templated":true}]}}